{"id":29,"date":"2021-11-27T22:45:43","date_gmt":"2021-11-27T21:45:43","guid":{"rendered":"https:\/\/www.zvartech.sk\/?post_type=product&#038;p=29"},"modified":"2025-11-15T02:56:41","modified_gmt":"2025-11-15T01:56:41","slug":"omicron-gama-1950a","status":"publish","type":"product","link":"https:\/\/www.zvartech.sk\/index.php\/produkt\/omicron-gama-1950a\/","title":{"rendered":"OMICRON GAMA 1950A"},"content":{"rendered":"<p>Strojem\u00a0<u>GAMA 1950A<\/u>\u00a0lze sv\u00e1\u0159et v re\u017eimech:<br \/>\nMMA-HOT<br \/>\nMMA-SOFT<br \/>\nTIG,,LIFT ARC&#8221;<\/p>\n<p>Zat\u011b\u017eovatel: M\u011br\u011bno p\u0159i 40\u00b0C<br \/>\n60% &#8211; 150A &#8211; 26V<br \/>\n100% &#8211; 130A &#8211; 25,2V<\/p>\n<p>Pouze ilustra\u010dn\u00ed foto.<\/p>\n<p>\u010cesk\u00fd v\u00fdrobek<br \/>\nParametry<br \/>\nHmotnost 6,5kg<br \/>\nNap\u00e1jec\u00ed nap\u011bt\u00ed 1x230V (-15%-+15%)<br \/>\nProudov\u00fd rozsah 10A &#8211; 190A<br \/>\nRozm\u011bry 345x145x225<\/p>\n<h4>Parametry<\/h4>\n<p>&nbsp;<\/p>\n<table border=\"1\" cellspacing=\"0\" cellpadding=\"0\">\n<tbody>\n<tr>\n<td>nap\u00e1jec\u00ed nap\u011bt\u00ed:<\/td>\n<td>1x230V<\/td>\n<td>&nbsp;<\/td>\n<\/tr>\n<tr>\n<td>proudov\u00fd rozsah:<\/td>\n<td>10A &#8211; 190A<\/td>\n<td>&nbsp;<\/td>\n<\/tr>\n<tr>\n<td>hmotnost:<\/td>\n<td>5,7kg<\/td>\n<td>&nbsp;<\/td>\n<\/tr>\n<tr>\n<td>rozm\u011bry:<\/td>\n<td>145x225x305<\/td>\n<td>&nbsp;<\/td>\n<\/tr>\n<\/tbody>\n<\/table>\n<form id=\"krupfrm\" name=\"krupfrm\" target=\"popup_w\">&nbsp;<\/p>\n<p>Ve\u013ekos\u0165 koncoviek pre zv\u00e1racie k\u00e1ble: 10-25<\/p>\n<\/form>\n","protected":false},"excerpt":{"rendered":"<p><strong>GAMA 1950A<\/strong>\u00a0&#8211; invertorov\u00fd sv\u00e1\u0159ec\u00ed stroj \u0159ady &#8220;1000&#8221;je ur\u010den pro sv\u00e1\u0159en\u00ed obalovanou elektrodou (MMA) a dotykov\u00fdm sv\u00e1\u0159en\u00edm netav\u00edc\u00ed se wolframovou elektrodou (TIG-LIFT ARC) p\u0159i mont\u00e1\u017en\u00edch pr\u00e1c\u00edch i pro nejvy\u0161\u0161\u00ed z\u00e1t\u011b\u017e.<br \/>\n<strong>GAMA 1950A<\/strong>\u00a0je vybaven funkcemi:<br \/>\n<strong>HOT START<\/strong>\u00a0&#8211; pro dokonal\u00e9 zap\u00e1len\u00ed sv\u00e1\u0159ec\u00edho oblouku.<br \/>\n<strong>SOFT START<\/strong>\u00a0&#8211; funkce zaji\u0161\u0165uje pomal\u00fd n\u00e1b\u011bh sv\u00e1\u0159ec\u00edho proudu. Tato funkce se nejl\u00e9pe uplatn\u00ed u bazick\u00fdch elektrod.Dal\u0161\u00ed v\u00fdhodou je v\u00fdrazn\u00e9 omezen\u00ed tvorby struskov\u00fdch vm\u011bstk\u016f, redukce odst\u0159iku.<br \/>\n<strong>ANTISTICK<\/strong>\u00a0&#8211; pro omezen\u00ed sv\u00e1\u0159ec\u00edho proudu p\u0159i zkratu.<br \/>\nBezpe\u010dnostn\u00ed nap\u011bt\u00ed V.R.D.<br \/>\nSv\u00e1\u0159ec\u00ed invertor je vybaven \u00fasporn\u00fdm re\u017eimem (vyp\u00edn\u00e1n\u00ed zdroje).<\/p>\n","protected":false},"featured_media":30,"comment_status":"open","ping_status":"closed","template":"","meta":[],"product_cat":[15],"product_tag":[],"class_list":["post-29","product","type-product","status-publish","has-post-thumbnail","hentry","product_cat-nezaradene"],"_links":{"self":[{"href":"https:\/\/www.zvartech.sk\/index.php\/wp-json\/wp\/v2\/product\/29","targetHints":{"allow":["GET"]}}],"collection":[{"href":"https:\/\/www.zvartech.sk\/index.php\/wp-json\/wp\/v2\/product"}],"about":[{"href":"https:\/\/www.zvartech.sk\/index.php\/wp-json\/wp\/v2\/types\/product"}],"replies":[{"embeddable":true,"href":"https:\/\/www.zvartech.sk\/index.php\/wp-json\/wp\/v2\/comments?post=29"}],"wp:featuredmedia":[{"embeddable":true,"href":"https:\/\/www.zvartech.sk\/index.php\/wp-json\/wp\/v2\/media\/30"}],"wp:attachment":[{"href":"https:\/\/www.zvartech.sk\/index.php\/wp-json\/wp\/v2\/media?parent=29"}],"wp:term":[{"taxonomy":"product_cat","embeddable":true,"href":"https:\/\/www.zvartech.sk\/index.php\/wp-json\/wp\/v2\/product_cat?post=29"},{"taxonomy":"product_tag","embeddable":true,"href":"https:\/\/www.zvartech.sk\/index.php\/wp-json\/wp\/v2\/product_tag?post=29"}],"curies":[{"name":"wp","href":"https:\/\/api.w.org\/{rel}","templated":true}]}}