{"id":25,"date":"2021-11-27T22:37:56","date_gmt":"2021-11-27T21:37:56","guid":{"rendered":"https:\/\/www.zvartech.sk\/?post_type=product&#038;p=25"},"modified":"2025-09-18T13:45:37","modified_gmt":"2025-09-18T11:45:37","slug":"omicron-gama-166","status":"publish","type":"product","link":"https:\/\/www.zvartech.sk\/index.php\/produkt\/omicron-gama-166\/","title":{"rendered":"OMICRON GAMA 166"},"content":{"rendered":"","protected":false},"excerpt":{"rendered":"<p>GAMA 166 je profeson\u00e1ln\u00ed zv\u00e1rac\u00ed invertor ur\u010den\u00fd pre zv\u00e1ranie obalenou elektr\u00f3dou (MMA) a met\u00f4dou netaviacej sa wolframovej elektr\u00f3dy (TIG) pre mont\u00e1\u017en\u00e9 pr\u00e1ce. GAMA 166 je vybaven\u00e1 funkciami: HOT START pre dokonal\u00e9 zap\u00e1lenie zv\u00e1racieho obl\u00faku, ANTISTICK pre obmezenie zv\u00e1racieho pr\u00fadu pri zkrate a prep\u00edna\u010dom charakteristiky MMA-TIG pre zvolenie vhodn\u00e9ho zv\u00e1racieho procesu. Vybavenie: Popruh cez rameno, prep\u00edna\u010d MMA &#8211; TIG, kontrolka prehriatia stroja. Zata\u017eovatel: Meran\u00e9 pri 40\u00b0C 35% &#8211; 160A &#8211; 26,4V 60% &#8211; 120A &#8211; 24,8V 100% &#8211; 95A &#8211; 23,8V \u010cesk\u00fd v\u00fdrobok Parametry Hmotnost 5,3kg Nap\u00e1jacie nap\u00e4tie 1x230V Pr\u00fadov\u00fd rozsah 10-160A Rozmery 285x130x215<\/p>\n","protected":false},"featured_media":26,"comment_status":"open","ping_status":"closed","template":"","meta":[],"product_cat":[15],"product_tag":[],"class_list":["post-25","product","type-product","status-publish","has-post-thumbnail","hentry","product_cat-nezaradene"],"_links":{"self":[{"href":"https:\/\/www.zvartech.sk\/index.php\/wp-json\/wp\/v2\/product\/25","targetHints":{"allow":["GET"]}}],"collection":[{"href":"https:\/\/www.zvartech.sk\/index.php\/wp-json\/wp\/v2\/product"}],"about":[{"href":"https:\/\/www.zvartech.sk\/index.php\/wp-json\/wp\/v2\/types\/product"}],"replies":[{"embeddable":true,"href":"https:\/\/www.zvartech.sk\/index.php\/wp-json\/wp\/v2\/comments?post=25"}],"wp:featuredmedia":[{"embeddable":true,"href":"https:\/\/www.zvartech.sk\/index.php\/wp-json\/wp\/v2\/media\/26"}],"wp:attachment":[{"href":"https:\/\/www.zvartech.sk\/index.php\/wp-json\/wp\/v2\/media?parent=25"}],"wp:term":[{"taxonomy":"product_cat","embeddable":true,"href":"https:\/\/www.zvartech.sk\/index.php\/wp-json\/wp\/v2\/product_cat?post=25"},{"taxonomy":"product_tag","embeddable":true,"href":"https:\/\/www.zvartech.sk\/index.php\/wp-json\/wp\/v2\/product_tag?post=25"}],"curies":[{"name":"wp","href":"https:\/\/api.w.org\/{rel}","templated":true}]}}